y 709.
44
Calculate the remainder when 1097 is divided by 231.
173
What is the remainder when 887434 is divided by 14?
2
Calculate the remainder when 21577 is divided by 2147.
107
What is the remainder when 99666 is divided by 49819?
28
Calculate the remainder when 18318 is divided by 149.
140
What is the remainder when 4660 is divided by 2304?
52
Calculate the remainder when 104372 is divided by 125.
122
What is the remainder when 56430 is divided by 225?
180
What is the remainder when 2234 is divided by 326?
278
Calculate the remainder when 5127 is divided by 30.
27
Calculate the remainder when 46510 is divided by 19.
17
What is the remainder when 167 is divided by 144?
23
What is the remainder when 79174 is divided by 79147?
27
Calculate the remainder when 46614 is divided by 47.
37
Calculate the remainder when 2557 is divided by 2500.
57
Calculate the remainder when 12433 is divided by 127.
114
What is the remainder when 137583 is divided by 1128?
1095
What is the remainder when 3419 is divided by 1127?
38
What is the remainder when 537699 is divided by 105?
99
What is the remainder when 130354 is divided by 24?
10
Calculate the remainder when 809 is divided by 25.
9
What is the remainder when 13084 is divided by 945?
799
What is the remainder when 119039 is divided by 160?
159
Calculate the remainder when 2335 is divided by 2020.
315
What is the remainder when 437672 is divided by 72944?
8
What is the remainder when 3184 is divided by 100?
84
What is the remainder when 6412 is divided by 2047?
271
Calculate the remainder when 10020 is divided by 3321.
57
What is the remainder when 14234 is divided by 4741?
11
What is the remainder when 15485 is divided by 258?
5
Calculate the remainder when 3164 is divided by 532.
504
Calculate the remainder when 16809 is divided by 16798.
11
What is the remainder when 422 is divided by 141?
140
What is the remainder when 420666 is divided by 16?
10
Calculate the remainder when 966944 is divided by 193.
14
What is the remainder when 1339834 is divided by 16?
10
Calculate the remainder when 7322741 is divided by 104.
101
What is the remainder when 429076 is divided by 120?
76
What is the remainder when 3711 is divided by 404?
75
What is the remainder when 28534 is divided by 9485?
79
What is the remainder when 579709 is divided by 50?
9
Calculate the remainder when 57840 is divided by 3855.
15
What is the remainder when 6602 is divided by 58?
48
What is the remainder when 90070 is divided by 288?
214
Calculate the remainder when 11356 is divided by 505.
246
What is the remainder when 31989 is divided by 63?
48
What is the remainder when 32951 is divided by 65?
61
Calculate the remainder when 158110 is divided by 53.
11
What is the remainder when 78871 is divided by 115?
96
What is the remainder when 5990 is divided by 28?
26
What is the remainder when 52484 is divided by 207?
113
What is the remainder when 193625 is divided by 32269?
11
Calculate the remainder when 6005 is divided by 21.
20
Calculate the remainder when 3505 is divided by 129.
22
What is the remainder when 18183 is divided by 113?
103
What is the remainder when 8217 is divided by 819?
27
Calculate the remainder when 6238 is divided by 30.
28
What is the remainder when 132656 is divided by 21?
20
What is the remainder when 15505 is divided by 287?
7
What is the remainder when 57255 is divided by 90?
15
What is the remainder when 829 is divided by 62?
23
What is the remainder when 197596 is divided by 68?
56
Calculate the remainder when 64312 is divided by 85.
52
Calculate the remainder when 18465 is divided by 18441.
24
Calculate the remainder when 3918 is divided by 686.
488
What is the remainder when 24236 is divided by 9?
8
What is the remainder when 195773 is divided by 205?
203
What is the remainder when 43765 is divided by 90?
25
What is the remainder when 421 is divided by 97?
33
Calculate the remainder when 7381 is divided by 41.
1
Calculate the remainder when 3112 is divided by 19.
15
What is the remainder when 1484 is divided by 356?
60
Calculate the remainder when 3895 is divided by 973.
3
Calculate the remainder when 117906 is divided by 65.
61
Calculate the remainder when 3125 is divided by 435.
80
What is the remainder when 521734 is divided by 14?
10
What is the remainder when 66202 is divided by 18?
16
What is the remainder when 27672 is divided by 4612?
0
What is the remainder when 180765 is divided by 60244?
33
Calculate the remainder when 73603 is divided by 36709.
185
Calculate the remainder when 4543 is divided by 32.
31
What is the remainder when 1906 is divided by 176?
146
Calculate the remainder when 1274 is divided by 496.
282
What is the remainder when 38888 is divided by 12938?
74
Calculate the remainder when 5617 is divided by 21.
10
What is the remainder when 1454 is divided by 1322?
132
What is the remainder when 6423 is divided by 1603?
11
Calculate the remainder when 8138 is divided by 1625.
13
What is the remainder when 2918 is divided by 195?
188
What is the remainder when 196431 is divided by 46?
11
What is the remainder when 4534 is divided by 3227?
1307
Calculate the remainder when 1938330 is divided by 751.
750
What is the remainder when 30479 is divided by 84?
71
What is the remainder when 177947 is divided by 177930?
17
What is the remainder when 1869 is divided by 1857?
12
What is the remainder when 11657 is divided by 157?
39
Calculate the remainder when 1516 is divided by 20.
16
What is the remainder when 8571 is divided by 453?
417
What is the remainder when 635 is divided by 131?
111
Calculate the remainder when 140718 is divided by 142.
138
What is the remainder when 5464 is divided by 161?
151
What is the remainder when 565708 is divided by 69?
46
Calculate the remainder when 409 is divided by 340.
69
Calculate the remainder when 7134 is divided by 509.
8
What is the remainder when 4109 is divided by 1718?
673
Calculate the remainder when 267196 is divided by 19.
18
What is the remainder when 8912 is divided by 52?
20
What is the remainder when 77250 is divided by 85?
70
What is the remainder when 9366 is divided by 666?
42
What is the remainder when 1965 is divided by 416?
301
What is the remainder when 1510 is divided by 85?
65
Calculate the remainder when 10735 is divided by 1788.
7
What is the remainder when 834743 is divided by 11?
8
What is the remainder when 52078 is divided by 10410?
28
Calculate the remainder when 9082 is divided by 1613.
1017
What is the remainder when 3140 is divided by 1559?
22
Calculate the remainder when 674 is divided by 41.
18
Calculate the remainder when 4384 is divided by 43.
41
What is the remainder when 19486 is divided by 112?
110
What is the remainder when 789 is divided by 73?
59
What is the remainder when 5967623 is divided by 322?
319
What is the remainder when 3287 is divided by 1161?
965
What is the remainder when 47708 is divided by 81?
80
What is the remainder when 5487 is divided by 1793?
108
What is the remainder when 6063 is divided by 2001?
60
What is the remainder when 23337 is divided by 7774?
15
What is the remainder when 30159 is divided by 547?
74
What is the remainder when 1101281 is divided by 1188?
5
Calculate the remainder when 59073 is divided by 36.
33
What is the remainder when 2403 is divided by 786?
45
Calculate the remainder when 311370 is divided by 103766.
72
Calculate the remainder when 150482 is divided by 8.
2
What is the remainder when 234335 is divided by 32?
31
Calculate the remainder when 435820 is divided by 161.
154
Calculate the remainder when 387247 is divided by 227.
212
Calculate the remainder when 2181388 is divided by 439.
436
Calculate the remainder when 578 is divided by 104.
58
Calculate the remainder when 448737 is divided by 108.
105
Calculate the remainder when 6624 is divided by 418.
354
Calculate the remainder when 7207 is divided by 103.
100
What is the remainder when 1717 is divided by 86?
83
What is the remainder when 4996 is divided by 237?
19
Calculate the remainder when 16973 is divided by 81.
44
What is the remainder when 36498 is divided by 1725?
273
What is the remainder when 513947 is divided by 10?
7
What is the remainder when 1397834 is divided by 698915?
4
What is the remainder when 2386 i